he first derivative of -d**2/2 - 12*d + 2. Suppose -3*h = -4*l - 282, l + 4*l + 355 = 5*h. Let r = -77 - l. Calculate j(r).
-4
Let p = 30 + -25. Let h(k) = 5 + 1 + 0 + k - p. Let b = 3 + -2. Calculate h(b).
2
Let j be ((3 + -2)/2)/((-2)/272). Let h = j + 60. Let a(n) = n**2 + 6*n - 6. Calculate a(h).
10
Let z(t) = 22 - 24 + 3*t**3 + t + 19*t**2 + 11*t - 2*t**3 - 6*t**2. Calculate z(-12).
-2
Let o(h) be the second derivative of 1/3*h**3 + 0 - 3*h**2 - 13*h. Calculate o(5).
4
Let m(s) = s**2 + s + 19. Let t(j) = 3*j + 21. Let n be t(-7). Calculate m(n).
19
Let i be 966/(-84) + 6/(-4). Let n(h) = -h**3 - 14*h**2 - 13*h - 4. Give n(i).
-4
Suppose 590*l = 589*l - 4. Let u(i) = i**2 + 4*i + 4. Determine u(l).
4
Let u(c) = -c**2 - 3*c + 4. Suppose -2*v = 3*j - 6*j, -v = -2*j + 1. What is u(v)?
-14
Let j(r) = -19*r**3 + r**2 - 4*r + 1. Let h(n) = -32*n**3 + 3*n**2 - 9*n + 3. Let s(b) = -3*h(b) + 5*j(b). Calculate s(3).
8
Let d(z) = -68*z**2 - 63*z**2 - z**3 - 2 + 0 + 133*z**2 + 3*z - 2*z. What is d(1)?
0
Let h be (4 - 0) + (-4)/(16/(-12)). Let j(a) = 1. Let c(z) = -z**2 + 6*z + 13. Let k(b) = c(b) - 3*j(b). Give k(h).
3
Let w(i) = 2*i + 32. Let b be w(-13). Let q(x) = 0*x - 2*x + x - b. What is q(-5)?
-1
Let i(b) = -6*b**2 - 70*b - 14*b**3 - 4 + 77*b + 15*b**3. Give i(5).
6
Let u(h) = h**3 + 9*h**2 + 9*h + 2. Let x(v) = -2*v**2 - 3*v + 82. Let a be x(6). Determine u(a).
-6
Let x(k) be the third derivative of k**6/60 - k**4/24 - k**3/6 - 2*k**2 + 1. Give x(-1).
-2
Let v(o) = -o**2 - 1. Let m(n) = -2*n**2 - 13*n + 1. Let a be m(0). Calculate v(a).
-2
Let i(s) = s**3 - 7*s**2 + 3*s + 3. Let f(j) = 33*j - 27. Let c be f(1). Determine i(c).
-15
Let t(n) = 56*n**2 - 61*n**2 - 1 + 5 + n**3. Determine t(5).
4
Let m(j) be the first derivative of j**4/4 - 5*j**3 + 15*j**2/2 - 16*j - 413. Determine m(14).
-2
Let v(b) = -5*b + 3. Let z(x) = -9*x + 7. Let j(u) = -5*v(u) + 2*z(u). Suppose 3*n - 7 = 2*d, -6 = -n - d - 2*d. Calculate j(n).
20
Suppose -196 = -56*i + 196. Let c(m) = m**2 - 8*m - 7. What is c(i)?
-14
Let v(s) = s**3 + s - 22. Suppose 24*n - 19*n = 0. Give v(n).
-22
Suppose -3*q = -4*q - 3*t + 18, 0 = 3*q - 2*t - 10. Let m(o) = -3*o + 18 - o**3 - 6*o**2 - 6 - q. Give m(-5).
-4
Let p(x) = 9163*x**3 - 4*x - 9164*x**3 - 9*x**2 + 5 + x. What is p(-8)?
-35
Let z(r) = 3*r - 19. Suppose 0 = 3*s - 113 + 89. Give z(s).
5
Let n(h) be the second derivative of -h**3/6 + h**2/2 - h. Let m = 24 - 5. Suppose -5*o + 6 = 5*a - m, 2*o - 16 = -4*a. Calculate n(o).
-1
Let d(k) = k**2 + 1 - 12 + 8 + 2*k. Let p(r) = r**2 + 16*r - 22. Let a be p(-17). Determine d(a).
12
Suppose 0 = 4*k - 6*k + 4. Suppose 12 = -k*f - 2. Let h(t) = -t + 8. Determine h(f).
15
Let x be (-5*(-8)/20)/(3/531). Let n(j) = j**2 + 356*j + j**2 - x*j + 1. Give n(-3).
13
Let v(n) = n**3 + 3*n**2 + 2. Let o be v(-3). Let z(y) = 3 + 3 - y**o - 3. Suppose 4*r = 12*r + 6*r. Calculate z(r).
3
Suppose -5*i - 23 = 2*z, 7 = -i + z + 1. Let n(k) = 2*k + 5. Determine n(i).
-5
Let x(q) = 5*q - 6. Let d be (2*-2)/(-4 + 2). Let g be d - (-10)/(-1 + 6). Calculate x(g).
14
Let z = 1803 - 1802. Let g(x) = 2 - 5 + 3 - 8*x - 1. Give g(z).
-9
Let w(n) be the first derivative of 4*n**3/3 - 3*n**2/2 - 3*n - 4. Let j = 35 + -36. Let z(u) = -1. Let i(m) = j*w(m) + 3*z(m). Give i(2).
-10
Let t(o) = 2*o - 15. Suppose -3*w = -21*a + 18*a + 42, -5*a + 52 = w. Determine t(a).
7
Let a(p) = -p**3 - 4*p**2 + 6*p - 5. Let v be (-24)/(-64) - 86/16. What is a(v)?
-10
Let o(w) be the second derivative of -w**4/12 - 7*w**3/6 - 3*w**2 - 21*w + 2. Calculate o(-5).
4
Let u(f) = -2*f**3 + 12*f**2 + 7*f - 11. Let c(l) = 8*l**3 - 48*l**2 - 30*l + 45. Let q(p) = 2*c(p) + 9*u(p). Calculate q(6).
9
Let q(g) = -g - 5. Let w be ((-88)/(-220))/(2/15). Give q(w).
-8
Let c(h) be the third derivative of 2*h**2 - 1/60*h**5 + 0 + 1/4*h**4 + 0*h - h**3. Let y = 43 - 38. What is c(y)?
-1
Let b(t) = -27*t - 2. Suppose -150*g = -152*g - 2. Calculate b(g).
25
Let x(h) = -2 - 12*h - 14*h + 27*h. Suppose 4 = -v + 3*q, 2*v - 3*v - 5*q = -12. Suppose -3*g + 25 = 2*u, g - 6*g = v*u - 39. Determine x(g).
5
Let w(u) = 9*u**3 + 8*u**2 - 4*u + 3. Let x(v) = 4*v**3 + 4*v**2 - 2*v + 1. Let b(j) = 3*w(j) - 7*x(j). Give b(-4).
-6
Let z(m) = 14*m**2 + m - 1. Let s be 1/((-60)/(-15)*(-2)/(-40)). Suppose 0*w = 4*w, -5*c + w + s = 0. Determine z(c).
14
Let b be (-10)/1*(-2)/5. Suppose -8*c = -b*c + 12. Let y(u) be the third derivative of -u**4/24 - 3*u**2. Give y(c).
3
Let q(d) = -10*d + 47. Let p be q(5). Let s(u) = 9*u + 36. Calculate s(p).
9
Let f(n) = -35 - 35 + 10*n - 37 + 107. What is f(-1)?
-10
Let d(q) = 4 + 7 + 8*q - q**2 - 2*q - 4. Let s = 13 + 9. Suppose 4*u - 2 = s. What is d(u)?
7
Let p(h) = -h**3 + h**2 + 3*h - 1. Let o be p(2). Let k(w) = w - 5*w + 3*w + o. Let b(m) = 19*m + 50. Let c be b(-3). Calculate k(c).
8
Suppose -3*i = s, -4*s + i = 21 - 8. Let d = 4 - -1. Let l(n) = 0*n + 4*n - 3 - d*n. What is l(s)?
0
Let t = 14 + -24. Let i(c) = -c**3 - 9*c**2 + 9*c + 9. What is i(t)?
19
Suppose -5*q + 23 = -a, -4*a - 22 = -3*q - 15. Let u(m) = 2*m**3 - 11*m**2 + 7*m - 1. Calculate u(q).
9
Let j = -1871 + 1873. Let c(w) be the second derivative of 0 - 11*w + 1/4*w**4 + 3/2*w**j + 0*w**3 + 1/20*w**5. Calculate c(-4).
-13
Let t(b) = 1 + b + 3 + b**2 - 6*b - 1 - 5. Calculate t(3).
-8
Let l(s) = 15*s + 99. Let r be l(-7). Let p(b) = 5*b + 8. Give p(r).
-22
Let y(f) = -3*f**3 - 13*f**2 - f - 11. Let h(j) = 2*j**3 + j**2 + j + 1. Let a(r) = -2*h(r) - y(r). Give a(11).
-2
Let x(f) = -4*f + 20. Suppose 3*j + a - 40 = 0, 19*j - 21*j - 2*a = -24. Calculate x(j).
-36
Let b(h) = -h**3 + 8*h**2 - 9*h + 3. Suppose -112 + 21 = -13*d. Determine b(d).
-11
Let h(d) be the second derivative of d**3/6 - 3*d**2/2 - 78*d. Calculate h(8).
5
Let m(b) = -4 + 32*b + 2 - 33*b. Let a = -38 - -38. Let q be (-5 - -4)*a/2. What is m(q)?
-2
Let f(d) = 3*d + 3. Let s be 1*-23*(-11 + 10). Suppose 0*x + 5*k - 25 = -5*x, -5*k + s = 3*x. Suppose 8 + x = -3*l. Give f(l).
-6
Let z(f) = -5*f + 81. Let l be z(17). Let x(b) = b + 0 - 3*b + 3*b + 3. Give x(l).
-1
Let l(i) = 68*i + 192. Let q(f) = -13*f - 39. Let a(g) = -2*l(g) - 11*q(g). Determine a(-7).
-4
Let r = -64 - -65. Let o be -5 - (-10 - r) - (2 - 0). Let p(q) = -4*q**2 + 3*q**2 - q + 3*q. Determine p(o).
-8
Let a(o) = 32*o + 4. Let g(i) = -1. Let t(m) = -a(m) - 5*g(m). Calculate t(1).
-31
Let h(j) be the second derivative of j**3/3 - j**2 - j. Let u(t) = -t**3 - 11*t**2 + 18*t + 79. Let l be u(-12). Calculate h(l).
12
Let o(k) = -k**2 + 12*k + 19. Let a = 60 + -47. Give o(a).
6
Let t = -37 - -39. Suppose 5*s + 4*d + d + 20 = 0, -3*s - t*d = 12. Let b(y) = y**3 + 5*y**2 + 6*y + 3. Calculate b(s).
-5
Let m(s) = -s - 1. Let c = 30 - 94. Let u = -64 - c. What is m(u)?
-1
Let o = -52 - -57. Let z(k) = -2 + o - 6*k - k**2 + 5 + 0*k. Suppose 18 = -4*c - 6. Calculate z(c).
8
Let l be (-7)/(-3) + -3*4/(-18). Suppose l*f + 0 = -12. Let o(j) = -2*j**2 - 6*j. Calculate o(f).
-8
Let r(b) be the second derivative of -b**7/840 + b**6/360 - b**4/24 + 7*b**3/6 - b. Let g(s) be the second derivative of r(s). Let n = -61 + 61. Calculate g(n).
-1
Let k = 342 - 347. Let o(r) = -2 - 9*r + r**3 + 3*r**2 + 0*r**2 - 1 + r. Determine o(k).
-13
Let g(k) = -3*k**3 + k**2 - 5. Let o be -3*520/(-78)*2/8. Suppose -4*h - h - 10 = 0. Let u(r) = -7*r**3 + 3*r**2 - 9. Let v(j) = h*u(j) + o*g(j). What is v(0)?
-7
Let r(z) be the second derivative of z**4/12 + 5*z**3/6 + 20*z. Let f be 4/18 + (-304)/72. Calculate r(f).
-4
Let c(x) = -x + 2. Let r(i) = -i**3 + 5*i**2 - 2*i - 5. Suppose 12 = -k + 4. Let n be k*((-14)/4 - -3). Let z be r(n). Determine c(z).
-1
Let h(t) = t**3 + 8*t**2 - 10*t - 7. Let k be h(-9). Suppose 0 = -i + 2*i - k. Let w(g) = -15*g + 3 + 2*g + 6*g + g**i. What is w(6)?
-3
Let d(h) be the third derivative of -h**4/12 + 2*h**3/3 + h**2. Suppose -4*n + 12 = -w, 5 = 4*n - 3. Give d(w).
12
Let n(d) = 26 + 3*d + 7*d + 13 - 5 - 16*d. Give n(7).
-8
Suppose 5*c - 28 = -4*o, -c + 3*o = -5 + 7. Let s(g) be the third derivative of -g**6/120 + g**5/15 - g**4/12 + g**3/6 + 5*g**2. What is s(c)?
-7
Let g(v) = -8*v**2 - 8. Let r(f) = f**2 + 1. Let d(z) = -g(z) - 10*r(z). Suppose 5*y = 25, y + 3 = -2*i + 12. Suppose 2*u - u = -i. What is d(u)?
-10
Let h(p) = -p**3 + 4*p**2 - 2*p +